(1/((-9)/(-3))) is divided by 102?
98
Let l = 12 + -9. Suppose 2*w + 3*h = -2*h + 114, -4*h = -4*w + 172. What is the remainder when w is divided by -3*(-1)/(l/10)?
7
Let r(w) = w + 7. Let o be r(-5). Calculate the remainder when 72 is divided by o/2*(18 - 3).
12
Let y = -92 - -166. Suppose -15*r + y = -13*r. Calculate the remainder when r is divided by 8.
5
Calculate the remainder when (-3)/(7/1456*-3) is divided by 53.
49
Let n(s) = s**3 - 8*s**2 - 18*s - 14. Suppose -6*r - 5 = -65. What is the remainder when 16 is divided by n(r)?
4
Let q(y) = -y**3 - 33*y**2 - 5*y + 12. What is the remainder when q(-33) is divided by 36?
33
Let l = -1627 + 1682. What is the remainder when l is divided by 14?
13
Suppose 0*z + 167 = 3*x - 2*z, -5*x = 5*z - 245. Let v = x - 34. Calculate the remainder when 75 is divided by v.
18
Suppose -603*h + 608*h - 160 = 0. What is the remainder when 155 is divided by h?
27
Suppose -4*b = 12*c - 7*c - 139, -5*b - 20 = 0. What is the remainder when 278 is divided by c?
30
Let y = -10 + 15. Suppose -10*c = -6*c - 20. Suppose -13 = -3*w + c*k, y*w - 2*k = 6 + 41. What is the remainder when 31 is divided by w?
9
Let c(y) = -y**3 - 6*y**2 + 8*y - 34. Calculate the remainder when 60 is divided by c(-8).
0
Suppose -n + 76 = 4*h, -n - 4*n + 3*h = -334. What is the remainder when n is divided by (-56)/(-3) + (-236)/354?
14
What is the remainder when (-16134)/(-27) + -5*(-28)/315 is divided by 100?
98
Let u = -54 + 64. Suppose u*j - 11*j + 37 = 0. Calculate the remainder when 73 is divided by j.
36
Suppose 0*v + 56 = -4*v. Suppose -94 = -4*h + 3*l, l - 21 - 6 = -h. Calculate the remainder when h is divided by ((-1)/2)/(1/v).
4
What is the remainder when 302 is divided by (-1876)/(-36) - (-1)/(-9) - 1?
47
Let w = 18 - 7. Calculate the remainder when w is divided by (-25 + 776/32)/(1/(-16)) - 2.
1
Let r(l) = -l**3 - 6*l**2 + 5. Let x be r(-6). Suppose 0 = -4*b + 2*n + 32, 0*b + n = -b + x. Calculate the remainder when 20 is divided by b.
6
Suppose 0 = j - 2*t + 47 - 2, 4*j + 2*t + 150 = 0. Let r = 46 + j. Calculate the remainder when r is divided by 5.
2
Let l = 169 + -87. Let i = l - 57. Calculate the remainder when 98 is divided by i.
23
Let z = 10 - 7. Suppose 3*b = -z*p + 40 + 17, 4*p + 5*b - 71 = 0. Suppose -h - 4*o + p = 3*h, 2*o = 2*h - 12. Calculate the remainder when h is divided by 4.
2
Let q(s) = -s - 2. Let m be q(-4). Suppose m*u = -3*u + 275. Let c = 84 - u. What is the remainder when c is divided by 16?
13
Let o be (2/(-2))/(10/(-90)). Calculate the remainder when o*(51/9 - 1) is divided by 5*12/(-2 + 6).
12
Suppose 5*u - 89 + 24 = 0. Suppose -j + 52 = 3*j + 3*s, -12 = 3*s. What is the remainder when ((-4)/j)/((-2)/296) is divided by u?
11
Suppose 2*z = -3*z + 255. Suppose 5*h = 2*r - 130, 3*h + 3*r + 22 = -35. Let p = 51 + h. Calculate the remainder when z is divided by p.
24
Suppose -q - 5*o - 10 = -2, -q = 4*o + 3. Calculate the remainder when ((-32)/(-12))/((-2)/(-24)) is divided by q.
15
Suppose -7*f = -5*f + r - 185, 3*r - 9 = 0. Calculate the remainder when f is divided by 19.
15
Suppose 0 = -14*u - 497 + 1463. What is the remainder when u is divided by 36?
33
Suppose 25*a - 19*a = 150. What is the remainder when 123 is divided by a?
23
Let y = -316 - -471. Calculate the remainder when y is divided by (-4 + 72/14)/((-16)/(-728)).
51
Let z = -6 + 7. Let y be (-2)/(3 - -5)*-124. Let k = -30 + y. What is the remainder when k is divided by z?
0
Suppose -j + h + 3*h = -5, 0 = -5*j + 3*h + 59. Let u = 0 - -4. Calculate the remainder when j is divided by (u + -1 - -3) + 1.
6
Let q = 1066 + -1019. Let s(t) = 2*t**2 - t + 2. What is the remainder when q is divided by s(-2)?
11
Suppose 288 + 81 = 9*y. Calculate the remainder when 788/10 - 5/(-25) is divided by y.
38
Suppose -2*z - 166 = -5*q, 3*z = -1 - 8. Let r = -31 - -38. Let w(t) = t**3 - 5*t**2 - 15*t + 14. What is the remainder when q is divided by w(r)?
4
Let k(u) = -2*u**2 - 3*u + 1 + 4*u**2 + 0*u**2. Let f be k(-6). Suppose -5*t + f - 1 = 0. What is the remainder when 34 is divided by t?
16
Let d be ((-4)/6)/(14/(-21)). What is the remainder when ((-31)/(-4))/(d - 21/28) is divided by 8?
7
Let b(f) = f**2 + 4*f - 3. Calculate the remainder when 27 - (-4 - -3 - -4) is divided by b(-6).
6
Let k be (-90)/(-21) + 6/(-21). Suppose -30 = -k*q + 22. Let z(h) = -h**3 - 14*h**2 - 27*h + 14. What is the remainder when z(-12) is divided by q?
11
Suppose 10 + 2 = 3*n. Suppose -k + 0*k - 3*b - 21 = 0, 21 = -k + n*b. Let m = -11 - k. Calculate the remainder when 37 is divided by m.
7
Let t(i) = -4*i + 99. What is the remainder when t(8) is divided by 29?
9
Let f = 3 - 13. Let m be ((-4)/6)/(f/60). Suppose 2*s - 100 = -4*t - 0*s, 90 = m*t - 3*s. Calculate the remainder when 47 is divided by t.
23
Let f(b) = -19*b**3 + 2 - 7*b**2 + 8*b**2 + 2*b**3. Let o be f(-2). Suppose -l = l - o. What is the remainder when l is divided by 18?
17
Suppose 1420 = 5*b + 280. Suppose 8*z - 1412 = -b. What is the remainder when z is divided by 10?
8
Let s(z) = 7 + 1 + 23*z + 6*z**2 + z**2 - 6*z**2. Calculate the remainder when s(-23) is divided by 5.
3
Suppose 2*w + w - 24 = 0. Let u be (-7 + 2)*(-172)/(-10). Let s = u + 91. What is the remainder when w is divided by s?
3
Calculate the remainder when (-75)/4*-5*(-44)/(-33) is divided by 4.
1
Let w(r) = -r**3 - 6*r**2 - 6*r + 6. Calculate the remainder when 332 is divided by w(-6).
38
Let n(t) = -10*t - 42. Suppose 0 = -i - 0*i + 53. What is the remainder when i is divided by n(-6)?
17
Let f = 1397 - 807. Suppose -9*m = m - f. Calculate the remainder when m is divided by 21.
17
Let m(p) = 16*p**2 - 5*p + 5. Let k be m(1). Let d = k - -7. What is the remainder when 65 is divided by d?
19
Let w(x) = 42*x + 379. What is the remainder when 296 is divided by w(-8)?
38
Let z be -41 + -1 + 0 + 0. Let g = -25 - z. Let s = 1709 - 1643. What is the remainder when s is divided by g?
15
Suppose 1174 = 6*p - 20. Calculate the remainder when p is divided by 9.
1
Let u = -160 - -177. What is the remainder when 84 is divided by u?
16
Suppose -3*n + 5*n = 4. Suppose -11 = -n*w - 1. Suppose -5*m = 3*z - 40, -w*m + 0*m = 5*z - 40. Calculate the remainder when m is divided by 3.
2
Let g(s) = 1 - 9*s + 3 - 6*s. Suppose 8*d - 141*d = -4256. What is the remainder when g(-6) is divided by d?
30
Let q = 11 + -11. Suppose q = -7*o - 7*o + 252. Suppose -5*y = -25, 5*y + 150 = 2*h + 3*h. What is the remainder when h is divided by o?
17
Let i(h) = h**3 - 4*h**2 + 9*h - 17. Calculate the remainder when i(4) is divided by 7.
5
Let x(u) = 6*u - 89. What is the remainder when 31 is divided by x(16)?
3
Let c = -192 + 234. What is the remainder when 290 is divided by c?
38
Let m(b) = 10*b**2 - 32*b - 20. What is the remainder when 559 is divided by m(5)?
69
Let j(x) = -5*x - 38. What is the remainder when 69 is divided by j(-10)?
9
Suppose -277 - 969 = v. Calculate the remainder when 107 is divided by (-4)/(-10) - v/35.
35
Let t(c) = -c + 22. Let k = 63 + -57. Calculate the remainder when 27 is divided by t(k).
11
Let a(x) = 3*x**2 - 27*x + 31*x - 2*x**2 + 11. What is the remainder when 212 is divided by a(-8)?
40
Suppose 214*p = 221*p - 63. Calculate the remainder when 691 is divided by p.
7
Suppose 6*h - 1415 = 1165. Suppose 3*i - h = -2*i. Calculate the remainder when i is divided by 11.
9
Suppose -4*g + 30 = -2*g + p, -3*p + 5 = g. Calculate the remainder when g is divided by (-1 + 3 - (-12 - -15)) + 8.
3
Calculate the remainder when ((-18)/(-15))/(5*18/2100) is divided by 4.
0
Suppose 4*l - 4*g = 60, -19*l + 18*l = -5*g - 35. Let v(b) = -b - 1. Calculate the remainder when l is divided by v(-5).
2
Suppose 0 = -3*p - 4*d + 92, -40 - 12 = -3*p + 4*d. Suppose 4*l + 72 = -0*l. What is the remainder when 22/99 + (-1256)/l is divided by p?
22
Let l(r) = -r**3 - 9*r**2 - 2*r - 15. Calculate the remainder when ((-18)/8)/(27/(-144)) is divided by l(-9).
0
Let p = -1002 - -1024. Calculate the remainder when 1273 is divided by p.
19
Suppose 3*t = t. Let p(u) = u + 11. Suppose -13*c = 2*i - 14*c - 12, 2*i - 5*c = 12. Calculate the remainder when p(t) is divided by i.
5
Suppose -s - 3*r = -7, 0*r - 1 = 5*s + 3*r. Let z be (s + 3/2)*-132. Suppose -5*o + 14 = -z. What is the remainder w